) be the second derivative of -x**3/6 - 7*x**2/2 + 2*x. Let n be -14 - 1/(2/(-4)). What is the units digit of r(n)?
5
Let l = 5 + -3. Let h(p) = -p**3 + 4*p**2 - 3*p + 1. Let w be h(l). Suppose 2*x + 142 = 4*g, -w*x = 3*g - 4*g + 28. What is the tens digit of g?
3
What is the tens digit of -6*724/(-8) - 2?
4
Let l = 4158 - 1318. What is the hundreds digit of l?
8
Let f(u) = -u**2 - 6*u + 33. Let m be f(-10). Let d(r) = 2*r**2 + 8*r + 11. What is the tens digit of d(m)?
5
Suppose 2*o - o - 5*c = -17, -15 = -o - 3*c. Suppose 3*n - 468 = -o*k, -4*n - k = -8*n + 614. What is the tens digit of n?
5
Let t be (-2)/(-4) - 18/(-12). What is the tens digit of 90/(-21)*(-5 - t)?
3
Suppose -12*a = -3*a - 261. Suppose 27*q = a*q - 544. What is the units digit of q?
2
Let g(p) = p**3 - 5*p**2 + 4. Let b be g(5). Suppose 0 = 4*c + 5*l + b, 5*c - l = 3*c + 12. Suppose 4 + 4 = c*q. What is the units digit of q?
2
Suppose 3*m + 316 = 76. Let z = 3 - m. Suppose 5*w - z = 5*o + 82, 0 = w - 2*o - 38. What is the units digit of w?
8
Let p be (-9)/2*(-6 - 12). Suppose -2*y - p = -3*y. What is the tens digit of y?
8
Let u(j) = -j + 21. Let i be u(17). Let s(k) = 10*k - 1. What is the tens digit of s(i)?
3
Let n(t) = -t**3 - 8*t**2 - 6*t + 4. Let s be n(-8). Let z = -23 + s. What is the tens digit of z?
2
What is the tens digit of (-102)/340 + 6813/10?
8
Let d be (6 - 5)*(-2 - -54). What is the units digit of 1963/d - 2/(-8)?
8
Suppose 0 = -24*v + 70781 + 4915. What is the units digit of v?
4
Suppose -17347 + 6947 = -26*b. What is the tens digit of b?
0
Let s(k) = -k**3 + 3*k**2 - k + 3. Let m be s(3). Suppose 4*b = -z + 145, -b - z + 9 + 28 = m. Suppose f = 3*f - b. What is the units digit of f?
8
Let w = -19 - -16. Let h(b) = -b**3 + b + 7. What is the tens digit of h(w)?
3
Let h(k) = -k**3 + k**2 + 3*k + 3. Let f be h(-1). What is the tens digit of -1 + (-4 - -60)/f?
2
Let j(x) = -3*x**2 - 3. Let c be j(-3). What is the units digit of 181/3 - (-5)/(c/8)?
9
What is the units digit of (-90)/27 + 3 + 12422/6?
0
Let f(q) = -3*q - 10. Let o(n) = n + 3. Let u(g) = -4*f(g) - 11*o(g). Let c(b) = 5*b + 35. Let p(l) = -2*c(l) + 11*u(l). What is the units digit of p(-5)?
2
Suppose 43*t = 33*t + 3900. What is the units digit of t?
0
Let f(l) = l**3 + 5*l**2 - 3*l + 4. Let w be (-3)/(-2)*(-22)/3. Let h be (w + 1)*2/4. What is the units digit of f(h)?
9
Let r = -11 + 6. What is the tens digit of (-3 - 175/r) + -4?
2
Suppose -2*c + 15 = 3*c. Suppose -c*u + 197 = v, 2*u - 3*v + 26 - 150 = 0. What is the tens digit of u?
6
Suppose 0 = 5*n + 7 + 23. What is the tens digit of (1 + 87/(-9))*n?
5
Let k = 2130 + -1181. What is the tens digit of k?
4
Let b = -735 - -1003. What is the units digit of b?
8
What is the thousands digit of -1*2406/(-2) - (-6 + 1)?
1
Suppose 1 = -t, -4*r - t + 7 = -196. Suppose -r = -2*d + 247. What is the hundreds digit of d?
1
Let c be (-20)/(-6) - 4/(-6). Let i be 182/39 + 1/3. Let w = c + i. What is the units digit of w?
9
Suppose -25*f + 65149 = 15899. What is the thousands digit of f?
1
Let v = -2039 + 2867. What is the tens digit of v?
2
Suppose -9 = -3*t + 6*t. Suppose 112 = -7*l + 14. Let f = t - l. What is the units digit of f?
1
Let t(g) be the second derivative of -g**3/3 - 5*g**2/2 + 6*g. Let d be t(-6). Suppose 4*n - d = 3*n. What is the units digit of n?
7
Suppose 0 = 4*d - i - 37, d + i + i + 2 = 0. Suppose 4*j - 4*p = -0*j + 92, -d = -2*p. What is the tens digit of j?
2
Suppose -2*f + 812 + 1108 = 0. Suppose 4*v + 5*m = 797, 0 = 8*v - 3*v - m - f. Suppose 4*r - v = -13. What is the tens digit of r?
4
Let a be -3 - -1*(0 - -5). Suppose -5*o - 5*x + 12 + 13 = 0, -5*x + 7 = -4*o. Suppose -o*n - 6*w + 3*w - 3 = 0, -10 = a*w. What is the units digit of n?
6
Suppose 5*m - 18 = 3*m. Let t = 33 - 15. Let f = t - m. What is the units digit of f?
9
Let z = 192 + -70. Suppose 0 = 2*w - l - 122, -2*w - 2*l - l + z = 0. What is the units digit of w?
1
Let c = 36 + -41. Let q(t) = 6*t**2 - 4*t + 8. Let d(w) = -w**2 + w. Let p(i) = 5*d(i) + q(i). What is the units digit of p(c)?
8
What is the units digit of -6 - (-6)/(-6)*-570?
4
What is the units digit of 467 + -5 + 9 + 0?
1
Let r(d) = d**3 + d**2 + 1. Let b(k) = 3*k**3 - 8*k**2 - 3*k + 6. Let n(y) = -b(y) + 2*r(y). What is the hundreds digit of n(9)?
1
Suppose 4*w + 0*f - 112 = -2*f, -2*w = -3*f - 56. Suppose 2*a + w = -2*a. Let c(j) = j**3 + 6*j**2 - 9*j - 9. What is the units digit of c(a)?
5
Let k(d) = 14*d**2 - 15*d - 139. What is the tens digit of k(-8)?
7
Suppose 6*w - 42 = -w. Let a(p) = 4*p**2 - 6*p - 5. What is the hundreds digit of a(w)?
1
Let w = 80 + -50. Suppose 5*j + w = 6*j. What is the tens digit of j?
3
Let l be ((-488)/(-16))/(1/4). Let a = -72 + l. Let r = a + -32. What is the units digit of r?
8
Suppose 67 = 3*w + 154. Let s = w - -28. What is the units digit of (-16)/(-2)*s/(-2)?
4
Let t be 696*2/(-2 - -4). What is the tens digit of t/18*3/2?
5
Suppose 3*n = 8*n - 15. Let c = n - 0. Suppose -j - 73 = -c*q, -q + 5*q + j = 95. What is the units digit of q?
4
What is the thousands digit of (14700/18 - 1)*(12 - 9)?
2
Let m be 1*35 - 0/3. Let h = m + -9. Suppose -d = d - h. What is the tens digit of d?
1
Let b = 60 - 57. What is the units digit of b + 10/(-15) + (-742)/(-6)?
6
Let g be (-4107)/(-9) + 1/(-3). Suppose -3*l - l = -j - 456, 0 = -4*l + 5*j + g. Suppose 0 = 4*b + w - 226, 0*b + 2*b = -w + l. What is the tens digit of b?
5
What is the hundreds digit of 6 - (-1899 + 5 - -2)?
8
Suppose -5*r - 38 = 4*g - 153, r - 149 = -5*g. Suppose -3*t = -4*h + 41, 3*h - 3*t - g = -0*t. Let u(z) = 4*z - 14. What is the tens digit of u(h)?
3
Let w(h) = 3*h**2 - 1. Let d be w(1). Suppose -26 = -3*u - 5*t, -d*t + 8 = -u + 2. Suppose -u*o + 0 = -2. What is the units digit of o?
1
Let o = 437 - 172. What is the units digit of o?
5
Let x(f) = 72*f**2 + 21*f + 127. What is the thousands digit of x(-6)?
2
Let v = 4 - 2. Suppose v*l = 5*x + 7*l + 25, 3*x - 4*l = -15. What is the tens digit of (-1 + 2)/(x/(-55))?
1
Suppose 0 = -3*d - 3*t + 3687, 4*d - 6071 = -5*t - 1154. What is the hundreds digit of d?
2
Suppose 2*t - 522 = -4*g, 0 = -5*g - 6*t + 2*t + 654. What is the units digit of g?
0
What is the thousands digit of (-870535)/(-731) - (-4)/34?
1
Let h(w) = w**2 - 19*w - 22. Let o be h(20). What is the tens digit of (-4 - -86) + o + -1?
7
Suppose -5*k - 30 = -5*w, -5*k = w + 40 + 14. What is the hundreds digit of k - (0 + -5) - -152?
1
Let g be (-6592)/(-160) + 1*(-1)/5. Suppose -g*f - 400 = -46*f. What is the tens digit of f?
8
Let c(i) = -6 + 4 + i**2 + 1 - 3 + 2*i. Suppose -m + 9 = -2*x, -x + 0*x + 5*m = 0. What is the units digit of c(x)?
1
Suppose q - 21 = 2*t, -4*q + 3*q = 3*t - 16. What is the hundreds digit of q/(-1 + 30/27)?
1
Suppose -21 - 4 = 5*i, 0 = x + 2*i - 41. What is the units digit of x?
1
What is the units digit of (108/(-30))/(2/(-5))?
9
Suppose -5*y + 699 = 3*n - 612, -437 = -n + y. What is the units digit of n?
7
Let g(i) = -3 - 4 + 4*i + 4*i - 7. What is the tens digit of g(9)?
5
What is the units digit of -6 + 5 + 7 + 608?
4
Suppose 10 = -16*q + 21*q. Suppose 108 + 378 = q*l. What is the tens digit of l?
4
Suppose -11*r = 3*y - 7*r - 1380, 3*y - 4*r = 1380. Let f = y + -240. What is the tens digit of f?
2
Suppose x + 8 = 13. Suppose 2*k = 5*z - 295, -x*k + 3*k - 10 = 0. What is the tens digit of z?
5
What is the hundreds digit of (-4)/(-6*(-1)/(-3948))?
6
Let n = 79 - -124. What is the units digit of n?
3
Suppose o - 3 = 4. Suppose 69 = 5*a - a - 5*y, y = -4*a + 87. Suppose o*w = 35 + a. What is the units digit of w?
8
Let m(i) = -75*i. Let q be m(-2). Suppose -2*z + q = z. What is the tens digit of z?
5
Suppose 2*z + 2 = -2. Let t be (0 + (-3)/z)*2. Suppose t*f = f + 20. What is the units digit of f?
0
Suppose -k = k. Suppose -2*m = -k*m - 16. Suppose 5*b = -2*i + 6*i + 17, 2*b = i + m. What is the units digit of b?
5
Suppose 0*a - 5*a + 15 = 0. Let s(u) be the third derivative of u**6/120 + u**4/12 - 2*u**3/3 - 8*u**2. What is the tens digit of s(a)?
2
Suppose 9*o - 8 = 37. Suppose o*v = 510 - 190. What is the units digit of v?
4
Suppose -37*u - 6138 = -2*c - 41*u, -c - u = -3073. What is the tens digit of c?
7
Suppose l - 47 - 17 = -q, -l + q = -68. What is the tens digit of